 is the highest common divisor of 1079760 and 412720?
880
What is the highest common factor of 25 and 11300225?
25
What is the greatest common factor of 14385 and 57015?
105
What is the greatest common factor of 15 and 11497785?
15
What is the highest common divisor of 145297 and 68556749?
4687
What is the highest common divisor of 116562492 and 57?
57
What is the greatest common divisor of 91626 and 768?
6
What is the highest common divisor of 100 and 44021868?
4
Calculate the highest common factor of 8888 and 23208790.
2222
What is the greatest common factor of 312 and 1518387?
39
What is the greatest common factor of 91299402 and 172362?
7494
Calculate the greatest common factor of 386795 and 10265.
5
What is the greatest common factor of 75108410 and 1690?
130
Calculate the highest common factor of 83902 and 25116.
182
Calculate the greatest common divisor of 96275 and 215575.
25
Calculate the greatest common factor of 2701162 and 3567.
41
What is the greatest common factor of 360690 and 525030?
330
What is the greatest common factor of 49941 and 69192?
279
Calculate the greatest common factor of 1411121 and 44717.
461
Calculate the highest common divisor of 1696 and 108464.
16
What is the highest common factor of 40893776 and 8735?
1747
What is the greatest common factor of 10 and 290338130?
10
What is the greatest common divisor of 48545040 and 168?
24
What is the highest common divisor of 2319 and 14547087?
2319
What is the highest common factor of 22309335 and 405?
45
What is the greatest common divisor of 55638 and 2750?
22
What is the highest common factor of 11410 and 76547408?
2282
Calculate the greatest common factor of 87904990 and 556.
278
Calculate the highest common factor of 984 and 2311662.
246
Calculate the greatest common divisor of 2581554 and 18.
6
Calculate the greatest common divisor of 260 and 77275380.
260
What is the highest common factor of 5001519 and 16752?
1047
Calculate the highest common factor of 12063135 and 917.
917
What is the highest common factor of 48156895 and 10?
5
What is the highest common factor of 1096 and 3902171?
137
Calculate the greatest common factor of 4602510 and 2475.
495
Calculate the highest common divisor of 463223910 and 345.
345
What is the greatest common divisor of 246 and 43255902?
246
What is the highest common factor of 8582574 and 1092?
546
Calculate the highest common divisor of 35 and 3493553.
7
Calculate the greatest common factor of 112 and 222.
2
Calculate the highest common factor of 1336530 and 264615.
4485
What is the highest common factor of 11313925 and 7?
7
What is the greatest common factor of 48472664 and 111?
37
What is the highest common divisor of 100 and 665960?
20
What is the highest common factor of 2181090 and 1356287?
2507
Calculate the greatest common factor of 5488 and 342048.
112
What is the highest common factor of 9650 and 734172?
386
What is the greatest common factor of 12366 and 84650766?
1374
What is the highest common divisor of 650403 and 75114?
351
What is the highest common divisor of 56 and 1519756?
28
Calculate the highest common divisor of 6990870 and 4648870.
11710
What is the greatest common factor of 115 and 3310413?
23
What is the highest common divisor of 6932 and 43085846?
3466
What is the greatest common factor of 97 and 224788479?
97
What is the greatest common factor of 307011552 and 192?
96
Calculate the greatest common factor of 3312 and 1635507.
207
What is the greatest common factor of 5159 and 151767?
77
What is the greatest common factor of 611 and 279023537?
611
Calculate the highest common divisor of 126109669 and 57190.
5719
Calculate the highest common divisor of 12 and 830559066.
6
What is the highest common factor of 795194097 and 18024?
2253
Calculate the greatest common factor of 37800 and 18218088.
1512
Calculate the greatest common divisor of 456344 and 1111628.
812
Calculate the greatest common factor of 1973216 and 266.
14
Calculate the greatest common divisor of 13654998 and 290.
58
Calculate the greatest common factor of 4731 and 4753173.
57
What is the highest common factor of 8690 and 3326690?
790
Calculate the greatest common factor of 547558 and 22858.
22
What is the highest common divisor of 42 and 4454926?
14
What is the greatest common factor of 1020 and 9148720?
340
Calculate the highest common factor of 5167940 and 30.
10
What is the highest common divisor of 48412879 and 103949?
5471
Calculate the greatest common divisor of 16676 and 2188.
4
Calculate the highest common divisor of 32 and 6779720.
8
What is the highest common divisor of 70958314 and 112?
14
Calculate the highest common factor of 1783088 and 24.
8
What is the greatest common divisor of 3 and 25433787?
3
What is the highest common factor of 620 and 1788824?
124
What is the greatest common factor of 6820784 and 545?
109
Calculate the greatest common divisor of 74887240 and 720.
40
What is the highest common divisor of 1567394 and 873200?
4366
What is the highest common factor of 3304 and 3790808?
56
Calculate the highest common factor of 645 and 121051149.
129
Calculate the highest common divisor of 4108 and 267540.
52
What is the greatest common divisor of 740436 and 1212?
12
What is the greatest common factor of 780 and 6063960?
60
Calculate the highest common factor of 29354 and 47710.
26
Calculate the greatest common divisor of 2766 and 1359489.
1383
What is the greatest common factor of 45112 and 185?
1
Calculate the highest common divisor of 1540183 and 187.
17
What is the highest common divisor of 31 and 12500099?
31
What is the highest common divisor of 905 and 52556065?
905
What is the highest common divisor of 26683992 and 33696?
648
Calculate the highest common divisor of 351964647 and 18.
9
Calculate the highest common divisor of 1888670 and 175.
35
What is the greatest common factor of 17 and 5484047?
17
What is the greatest common divisor of 5150 and 52041800?
50
What is the greatest common factor of 1500 and 10789125?
375
What is the greatest common divisor of 26741602 and 148?
74
Calculate the highest common factor of 404840 and 1769.
29
What is the greatest common divisor of 58 and 1006324650?
58
What is the highest common divisor of 16574522 and 124?
62
What is the greatest common divisor of 75539011 and 94?
47
Calculate the highest common factor of 714 and 13487698.
238
Calculate the greatest common factor of 287250893 and 449.
449
What is the highest common factor of 10452 and 97856850?
5226
Calculate the highest common factor of 3501360 and 1728.
432
What is the highest common factor of 3830224 and 32?
16
Calculate the highest common divisor of 15445493 and 42.
7
Calculate the highest common divisor of 3556 and 2718884.
28
Calculate the highest common factor of 18575173 and 246.
41
Calculate the highest common factor of 867139 and 3101.
7
Calculate the greatest common divisor of 4050 and 458929800.
4050
Calculate the highest common divisor of 102003822 and 36.
18
Calculate the highest common divisor of 456 and 4195618.
38
What is the highest common factor of 4304 and 103216376?
2152
What is the greatest common divisor of 3571093716 and 876?
876
Calculate the greatest common factor of 1584 and 30771576.
792
Calculate the greatest common divisor of 47952821 and 196.
49
What is the greatest common divisor of 23282 and 62?
2
Calculate the greatest common divisor of 61577 and 272023.
139
Calculate the greatest common divisor of 68335400 and 6175.
475
What is the greatest common divisor of 50968 and 7800?
8
Calculate the greatest common divisor of 1336 and 75136.
8
Calculate the highest common factor of 261 and 4552893.
9
What is the highest common divisor of 18 and 16134813?
9
Calculate the highest common factor of 31916 and 116920.
316
What is the highest common divisor of 2558 and 2618013238?
2558
Calculate the highest common divisor of 1080 and 16123245.
15
Calculate the greatest common factor of 237660 and 54060.
1020
What is the highest common divisor of 2990 and 71630234?
598
What is the greatest common divisor of 121290 and 11102?
26
What is the highest common factor of 912 and 9751408?
304
What is the highest common factor of 7659 and 2462535?
333
What is the highest common divisor of 5508 and 3680772?
204
What i